et g be (-2)/(-3) - 57/(-9). Suppose -3*k - 30 = -5*a, 4*a - g = 3*k - 4*k. Give l(a).
-1
Let l(z) = z**3 + 3*z**2 - 13*z - 14. Let t be l(-5). Let f(i) = -1 - 3*i**2 + i + i - 8*i**2. Determine f(t).
-10
Let s(d) = d - 2. Let x = -3 - -5. Suppose 0 = x*v - v + 2. What is s(v)?
-4
Let k(a) = 2*a + 3. Let v = 1 - 7. Give k(v).
-9
Let z(i) = 3*i**3 - 3*i**2 - 11*i. Let x(k) = k**3 - k**2 - 4*k. Let t(s) = -8*x(s) + 3*z(s). Give t(0).
0
Let p(q) be the third derivative of q**5/60 - 7*q**4/24 - q**3/2 - 27*q**2. What is p(6)?
-9
Let a(j) be the first derivative of -j**2 - 11*j + 32. Give a(-9).
7
Let o be -5*8*2/(-10). Let c(n) = -2 + 4*n - 5*n + o. Calculate c(5).
1
Let d be 2 + -2 - (1 - -3). Let y(n) be the second derivative of -n**5/20 - n**4/4 + 2*n**3/3 - n**2 - 17*n. Give y(d).
-2
Let p(v) = v**3 + 2*v**2 + v + 4. Suppose -5 = 2*l + 1. Give p(l).
-8
Let a = -2 + 2. Suppose 4*g - 52 + 4 = a. Let h = 7 - g. Let z(u) = -u + 2. Determine z(h).
7
Let u(k) = -k**2 + 9*k - 5. Suppose -2*i = -4*s - 4, 5*s = -5*i + 3*s + 34. Calculate u(i).
13
Let c(f) be the third derivative of 1/360*f**6 + 0*f + 2*f**2 + 1/24*f**5 - 1/24*f**4 + 0 - 1/6*f**3. Let z(g) be the first derivative of c(g). What is z(-5)?
-1
Let d(p) be the first derivative of -p**2/2 + 8*p - 8. Let t be 2/((-12)/(-2))*6. Suppose 5*h = 5*o - 5, -2*o - h = t*h - 17. Determine d(o).
4
Let l(h) = 4*h - 1. Suppose y + 6 = -v + 3*v, 5*v = -2*y - 3. Suppose -v = m - 4. Suppose -4*d + 7 = -m*q - 2*d, 2*q + 8 = 3*d. Calculate l(q).
-5
Let n be (-1 + 2)/((-2)/(-8)). Suppose 5*w - w = -n*j + 12, -4*w = 3*j - 10. Let o(d) = -d + 2. What is o(w)?
1
Suppose -3*p = -4*p + 3. Suppose 5*s - 4 = p*s. Let l(x) = -x**3 + 3*x - 2. Calculate l(s).
-4
Let b(i) = -12 - 20 - 18 + 49 + 2*i. Calculate b(2).
3
Suppose 3*y = 4*z + 3, y + 4*y + 5*z = -30. Let s(r) = r**2 + 7*r + 7. Let w(k) = -k**2 - 6*k - 6. Let g(b) = 3*s(b) + 4*w(b). Calculate g(y).
-3
Let i(o) = -2*o**2 - 6*o + 5. Let f be 22/(-5) - (-21)/(-35). Give i(f).
-15
Let x(y) = -1 - 9 + 2*y - 3*y. What is x(-7)?
-3
Suppose o + 35 = -4*o. Let w(t) = t**3 + 6*t**2 - 5*t + 10. What is w(o)?
-4
Let j(x) be the first derivative of 0*x - 1/6*x**3 + x**2 - 1 + 0*x**4 + 1/60*x**5. Let w(l) be the second derivative of j(l). Give w(-1).
0
Suppose a - 4 = -5. Let j(q) = 7*q**3 - q - 1. What is j(a)?
-7
Let n(x) = 3*x + 3. Let g(k) = -3*k - 3. Let v(p) = -2*g(p) - 3*n(p). Suppose -2*r = 10 - 0. Let b = r - -1. Determine v(b).
9
Let c = 3 - 0. Let v(g) = -g**2 - g**c + 2*g**2 - 3*g + 0*g**2 - 5*g**2. Let y be (-2)/(-5) + 51/(-15). Give v(y).
0
Let v(q) be the third derivative of -q**6/120 + q**5/30 - q**4/8 - q**2. Let h = -7 - -9. Calculate v(h).
-6
Let d(t) = 6*t - 8*t + 5*t - 1 + t. Give d(-3).
-13
Let r(y) = -4 + 7*y - 3*y + 3 - y**2. Let g = -9 + 0. Let f be ((-6)/g)/(7/42). Give r(f).
-1
Let b(y) be the second derivative of -y**5/20 + y**4/4 + y**3/2 + y**2/2 - y. Let f(g) be the first derivative of g**2/2 - g - 1. Let w be f(5). Give b(w).
-3
Let c(o) = o**2 - 4*o - 17. Let q be c(6). Let l(n) = n**2 + 5*n + 7. Calculate l(q).
7
Let q(w) be the first derivative of w**6/120 - w**5/12 - 7*w**3/6 - w**2 + 2. Let r(t) be the second derivative of q(t). Let l = 35 - 30. What is r(l)?
-7
Let d(n) be the second derivative of -n**5/20 + n**4/12 + n**3/6 - n**2 - n. What is d(2)?
-4
Let g(j) = 2*j**3 + 8*j**2 - 9*j + 11. Let u(n) = -n**3 - 4*n**2 + 4*n - 6. Let x(i) = -3*g(i) - 5*u(i). Calculate x(-6).
27
Let h(i) = -i - 1. Let u = 4 + -1. Determine h(u).
-4
Let b(w) be the first derivative of -w**2 + 13*w - 6. Calculate b(9).
-5
Suppose d + 2 = 5*y, 5*y = -d - 0*d + 18. Suppose -2*h = 4*n - d*n + 52, -5*h + 20 = 0. Let t be (1/3)/(1/n). Let j(p) = -p**2 + 4*p. Determine j(t).
-5
Suppose -2*p - 4 = -4*k, -5*k = -3*p - 0 - 4. Let w = -14 + 4. Let c be k/(4/w - 0). Let i(z) = -z**2 - 6*z + 2. What is i(c)?
7
Let q(f) = 3*f - 1. Let k(p) = -p + 2. Let t be k(0). Let m = 3 - t. Suppose -2*i + i = -m. What is q(i)?
2
Suppose -4*j + 2 = 10. Let u(b) = -4*b - 3. Give u(j).
5
Let o(h) = 0 - 2 - 3*h**2 - 3*h + 3 + 4*h**2. Calculate o(2).
-1
Let v(o) be the second derivative of o**5/20 - 2*o**4/3 + o**3 + 5*o**2 - 8*o. Give v(7).
3
Let i(p) = -4*p**3 - 3*p**2 + 5*p - 2. Let c be (-84)/(-8)*4/6. Let z(l) = 9*l**3 + 6*l**2 - 11*l + 5. Let v(d) = c*i(d) + 3*z(d). Calculate v(-3).
-5
Let j = -6 - -8. Suppose 2*l - 4*q + 6 = 0, -j*l = 3*l + 2*q - 33. Let s(o) = 0 + 5 - 4*o + 2*o. Determine s(l).
-5
Let w = -7 - -4. Let y = 5 + w. Let n(v) = -6 + v**3 - v**y + 2*v + 7*v**2 - 1. Give n(-5).
8
Let u(z) = -9*z**2 - z + 6. Let v(g) = 6*g**2 + g - 4. Let c(j) = 5*u(j) + 7*v(j). Give c(2).
-6
Let a = 11 + -11. Let l(q) be the third derivative of a - q**2 + 1/24*q**4 + 0*q + 1/2*q**3. Calculate l(3).
6
Suppose -49*w + 47*w - 4 = 0. Let c(m) = m**2 + 0*m**2 + 5 - 2 + 2*m. What is c(w)?
3
Let z(o) = -o**2 - 3*o - 2. Suppose 0 = -2*q - 4, -4*q = w + 7 + 4. Determine z(w).
-2
Let w(k) = -3*k**2 - 7*k + 4. Let q(u) = -2*u**2 - 7*u + 3. Let v(z) = 4*q(z) - 3*w(z). Suppose 0 = -r + 5 - 0. Give v(r).
-10
Let j be (4 - 1)*4/(-3). Let m(o) = -o**3 - 5*o**2 - 5*o - 2. Give m(j).
2
Let z(l) = -l**2 - 17*l - 16. Let m be z(-16). Let s(a) be the second derivative of -1/6*a**3 + m - 3*a - 1/2*a**2 + 5/12*a**4. Give s(-1).
5
Let u(f) be the third derivative of -f**4/24 - 5*f**3/6 - 2*f**2. Let z be u(-8). Let v(n) = 13*n + 4*n**2 + 0 - 7 - 5*n - n**z. Determine v(5).
8
Let c(z) be the first derivative of -3*z**2/2 - 3. Let y = 19 - 15. Calculate c(y).
-12
Let v(k) = k + 2. Suppose -4*x = -0 - 28. Calculate v(x).
9
Let h(y) = y - 1. Let k(i) = i**3 - 2*i**2 - 2*i + 3. Let z be k(2). Let p = z + 2. Calculate h(p).
0
Let k(a) = a**2 - 5*a - 4. Let f(h) = -2*h**2 + 11*h + 8. Let i(g) = -4*f(g) - 9*k(g). Calculate i(3).
-2
Let c(m) = -m**2 + 3*m + 4. Suppose -2*k = 3*k - 15. Let x be c(k). Let o(t) = 5*t + 1 - 2*t - 4*t. Give o(x).
-3
Let u(z) = z**3 - 2*z**2 - z - 2. Suppose j + 1 = -4*d, 0 = 4*d - 0*j + 2*j + 6. Let f = -2 + d. Let t be ((-3)/(-9))/(f/(-9)). What is u(t)?
4
Let i(a) = -a**3 + 3*a**2 + 2*a - 2. Let g = -28 - -31. What is i(g)?
4
Let u(d) = 6*d**2 + 21 + d**2 - 4*d - 26 - d**3. Give u(6).
7
Let v(l) = -l**2 - 2*l - 4. Let r = -2 + 4. Let p be 56/10 + r/5. Suppose -2*q + p = -0*q - 3*z, 2*q = 4*z + 10. Determine v(q).
-7
Let c(y) = 9*y - 3. Let o(u) = 8*u - 3. Let f(m) = 3*c(m) - 4*o(m). Let p(w) = -w**3 + 5*w**2 + 6*w + 2. Let z be p(6). What is f(z)?
-7
Suppose -2*z - 32 = 2*z. Let r be (-8)/6*36/z. Let d(t) = -5*t**3 - 5 + 3*t**3 + t**3 - 7*t**2 - r*t. Calculate d(-6).
-5
Let m(q) = 5 + 2*q - 3*q**2 - 3*q - 7 + 4*q**2. What is m(2)?
0
Suppose t - 3*t - 2*t = 0. Let z(o) be the first derivative of 0*o**3 - 1 + 1/2*o**4 + t*o - 1/2*o**2. What is z(-1)?
-1
Let v(t) = -t**2 + 8*t - 3. Let o be (-45)/27*(-3)/1. What is v(o)?
12
Let y(f) be the second derivative of -f**4/6 + f**3/6 + f**2/2 + 22*f. Suppose 5*v = 2*v - 3. Give y(v).
-2
Let n = -5 - 4. Let d(j) = -2*j - 11. What is d(n)?
7
Let k = -58 - -56. Let n(x) be the second derivative of -2*x**3/3 - x. What is n(k)?
8
Let h(k) = k**2 + 4*k + 4. Suppose u = 3*u + 10, 3*s + u + 17 = 0. Determine h(s).
4
Let m be ((-5)/(-4))/((-2)/8). Let c(p) = 4*p**2 - 3*p - 3*p - 2*p**2 - 3*p**2. Determine c(m).
5
Let b(s) be the first derivative of -s**3/3 + 3*s**2 - s + 1. Suppose 24 = 3*v + 3*t, 3*v + t - 11 = 5. Determine b(v).
7
Let h(r) = 3*r**2 + 17*r + 3. Let x(t) = -4*t**2 - 25*t - 5. Let l(p) = -7*h(p) - 5*x(p). Let q = -5 + 8. Let i be (4 - 0)/(2/q). What is l(i)?
4
Let q(f) = 2*f + 7. Suppose 5*m = -5*g - 15, -5*m = 2*g - 4*m + 9. What is q(g)?
-5
Let j(d) be the third derivative of -d**5/60 + 5*d**4/24 - 2*d**3/3 - 7*d**2. Suppose -5*z + 3*y - 22 = -10*z, -4 = 4*y. Give j(z).
-4
Let m(v) be the second derivative of -v**6/90 - v**4/12 - 5*v. Let h(l) be the third derivative of m(l). Calculate h(-1).
8
Let x(r) = -5*r + 61. Let t be x(13). Let p(z) be the third derivative of -z**5/60 - z**4/8 + z**2. Determine p(t).
-4
Let u(n) = n**3 - 6*n**2 + 5*n - 5. Suppose -3*h = -29 + 11. Let w = h - 1. Calculate u(w).
-5
Suppose 2*i = 2*u + 3*i, 5*i = u. Let l(k) = -21*k - 22*k + 44*k - 6. What is l(u)?
-6
Let p(c) = 47*c**2 + 0*c - 2 - c**3 + c - 51*c**